Let b(q) = q**3 - 95*q**2 + 82*q + 1135. What is b(94)?
7
Let x(a) = -3*a**3 - 228*a**2 + 93. Calculate x(-76).
93
Let r(t) = 5*t**2 - 26*t + 124. Determine r(4).
100
Let q(p) = -3*p**3 + 19*p**2 - 5*p + 6. Determine q(3).
81
Let r(c) = 2*c**2 + 66*c - 177. Give r(-35).
-37
Let r(h) = h**3 - 9*h**2 - 30*h - 6. Calculate r(-2).
10
Let h(v) = v**3 - 40*v**2 - 27*v - 99. Determine h(41).
475
Let m(b) = -b**3 - 7*b**2 + 9*b + 59. Give m(-7).
-4
Let i(r) = r**2 - 24*r - 643. Give i(-16).
-3
Let v(s) = -s**2 - 2266*s - 18062. Calculate v(-8).
2
Let w(u) = -106*u + 2172. What is w(21)?
-54
Let z(h) = 2*h**3 + 27*h**2 - 17*h + 5. Give z(-14).
47
Let k(m) = -m**3 + 24*m**2 - 77*m - 74. Calculate k(20).
-14
Let u(n) = -84*n + 7072. What is u(84)?
16
Let m(a) = a + 196. Calculate m(-30).
166
Let b(h) = -h**3 + 29*h**2 - 122*h + 75. Calculate b(24).
27
Let k(r) = r**3 - 71*r**2 + 797*r + 118. Give k(57).
61
Let i(h) = -h**3 + 78*h**2 + 17*h - 1344. Determine i(78).
-18
Let o(c) = 22*c - 62. Determine o(-7).
-216
Let v(t) = t**3 + 10*t**2 - 34*t - 129. Give v(-12).
-9
Let x(l) = -4*l**2 - 270*l - 66. What is x(-64)?
830
Let l(d) = 29*d + 220. Give l(-8).
-12
Let r(j) = 61*j**2 - 8*j - 15. Determine r(-1).
54
Let n(d) = 2*d**3 - 148*d**2 + 12*d - 891. What is n(74)?
-3
Let t(z) = -8*z**2 - 459*z + 2488. Calculate t(5).
-7
Let h(c) = -c**3 + 9*c**2 - 21*c + 7. Calculate h(5).
2
Let i(p) = p**3 + 22*p**2 + 15*p - 48. Determine i(-19).
750
Let d(v) = -2*v**3 + 19*v**2 + 80*v - 787. Calculate d(9).
14
Let m(s) = -12*s + 120. Determine m(5).
60
Let q(t) = t**2 - 40*t + 63. Calculate q(39).
24
Let v(z) = -1562*z - 18770. Determine v(-12).
-26
Let v(j) = 139*j - 24696. Give v(178).
46
Let x(s) = s**3 - 5*s**2 - 9*s + 41. Calculate x(4).
-11
Let u(m) = -445*m - 54731. Calculate u(-123).
4
Let c(p) = 237*p - 9928. Give c(42).
26
Let i(u) = -2*u**2 + 127*u + 475. Determine i(67).
6
Let c(m) = -12*m**2 + 63*m - 47. Calculate c(2).
31
Let n(y) = -54*y + 624. What is n(13)?
-78
Let p(d) = -215*d + 588. Calculate p(3).
-57
Let z(k) = k**3 + 25*k**2 - 302*k - 1187. Give z(-33).
67
Let c(j) = j**2 - 331*j + 5629. What is c(313)?
-5
Let t(y) = 26*y + 308. What is t(-12)?
-4
Let k(u) = 416*u - 37834. Give k(91).
22
Let p(f) = f**2 - 42*f - 197. Determine p(46).
-13
Let h(y) = 3*y**2 - 53*y - 123. What is h(19)?
-47
Let y(x) = 21*x - 112. Calculate y(5).
-7
Let j(b) = -865*b - 3455. Calculate j(-4).
5
Let u(o) = -20*o - 357. Calculate u(-12).
-117
Let q(n) = -18*n - 77. What is q(-4)?
-5
Let d(h) = 5*h**3 + 2*h**2 - 165*h + 164. Give d(1).
6
Let s(p) = p**3 + 3*p**2 + 20*p + 7. Determine s(0).
7
Let r(c) = 2*c**2 + 10*c + 41. Determine r(-6).
53
Let o(j) = 310*j - 1871. What is o(6)?
-11
Let w(n) = -13*n - 366. Calculate w(-29).
11
Let r(u) = 2*u**3 + 9*u**2 - 106*u - 506. What is r(-5)?
-1
Let w(s) = s**2 - 16*s + 13. Determine w(15).
-2
Let c(u) = u**2 + 14*u - 58. Calculate c(-7).
-107
Let g(x) = -9*x**3 + 172*x**2 - 14*x + 153. Determine g(19).
248
Let h(i) = -20*i - 503. What is h(-25)?
-3
Let j(l) = -l**3 + 63*l**2 + 343*l - 170. Give j(68).
34
Let c(o) = -o**3 - 9*o**2 - 20*o + 22. Determine c(-8).
118
Let s(h) = 14*h**2 + 111*h + 65. Calculate s(-7).
-26
Let k(c) = 181*c + 3642. Give k(-20).
22
Let j(i) = -257*i + 5849. Calculate j(23).
-62
Let n(u) = -4*u**2 + 91*u - 19. Calculate n(23).
-42
Let f(t) = 2*t**3 + 107*t**2 + 44*t - 467. Calculate f(-53).
10
Let p(m) = -9*m**3 + 48. Calculate p(0).
48
Let h(x) = -2*x**3 + 22*x**2 + 3*x + 47. Give h(11).
80
Let q(j) = 27*j - 68. Give q(4).
40
Let u(w) = 44*w + 2216. Give u(-38).
544
Let b(j) = 4*j**2 - 25*j - 26. What is b(10)?
124
Let b(h) = 6*h**3 + h**2 + 17*h - 36. What is b(3)?
186
Let h(j) = j**3 + 89*j**2 + 261*j + 100. Calculate h(-86).
-158
Let j(n) = 219*n + 48831. Calculate j(-223).
-6
Let i(j) = 5*j**2 - 138*j - 371. Determine i(-3).
88
Let h(n) = n**3 + 14*n**2 + 10*n - 73. What is h(-3)?
-4
Let c(t) = 240*t + 5751. Determine c(-24).
-9
Let a(r) = 27*r + 172. Calculate a(-8).
-44
Let r(f) = f**2 + 13104*f + 65500. What is r(-5)?
5
Let b(o) = -3443*o - 89516. Give b(-26).
2
Let t(z) = -10*z**2 + 66*z + 365. What is t(-9)?
-1039
Let a(q) = 20*q - 114. Determine a(6).
6
Let h(a) = -a**3 + 2*a**2 - 10*a + 208. Give h(6).
4
Let g(i) = 15*i**2 + 54*i - 329. Give g(6).
535
Let z(x) = -21*x - 238. Give z(-12).
14
Let q(n) = -400*n + 11167. Calculate q(28).
-33
Let h(s) = 43*s + 1292. Calculate h(-30).
2
Let d(s) = -243*s + 11158. Give d(46).
-20
Let t(m) = m**2 + 113*m + 337. Calculate t(-110).
7
Let n(o) = 10*o**3 - 750*o**2 + 30*o - 2257. Determine n(75).
-7
Let h(z) = z**3 + 34*z**2 + 20*z - 426. Give h(-33).
3
Let b(w) = 22*w**3 - 149*w**2 - 304*w - 7. Calculate b(-2).
-171
Let r(i) = i**2 - 69*i + 608. Give r(10).
18
Let u(g) = -g**3 + 17*g**2 + 73*g - 140. Determine u(20).
120
Let u(k) = k**3 + 20*k**2 + 109*k + 104. Calculate u(-7).
-22
Let q(w) = -w**3 - 5*w**2 - 8*w - 13. Determine q(-3).
-7
Let f(o) = o**2 + 20*o - 178. What is f(-27)?
11
Let s(l) = -1835*l - 78901. Give s(-43).
4
Let d(f) = -4*f - 71. What is d(35)?
-211
Let s(n) = 418*n**2 + 2090*n - 7. Give s(-5).
-7
Let x(g) = -2*g**2 - 304*g - 2279. What is x(-144)?
25
Let k(o) = 6*o**3 + 229*o**2 + 38*o + 7. Give k(-38).
7
Let a(f) = 2*f**2 + 27*f + 5. What is a(-10)?
-65
Let q(g) = 2*g**3 - 6*g**2 - 77*g - 33. What is q(8)?
-9
Let j(d) = 145*d + 1147. What is j(-8)?
-13
Let v(g) = g**3 - 16*g**2 + 17*g + 155. Determine v(14).
1
Let s(o) = -2*o**3 + 23*o**2 - 4*o + 22. Give s(11).
99
Let f(j) = j**3 + 15*j**2 + 7*j + 26. Give f(-15).
-79
Let l(k) = -2*k**2 + k + 70. What is l(0)?
70
Let y(p) = 103*p - 1949. Determine y(19).
8
Let r(o) = 49*o + 1128. Calculate r(-23).
1
Let x(j) = j**3 - 6*j**2 - 167*j - 1225. What is x(-7)?
-693
Let i(r) = -r**2 - 2*r + 778. Determine i(-30).
-62
Let d(w) = -w**2 - 11*w + 21. Give d(-13).
-5
Let q(r) = 2*r**3 - r**2 + 4*r + 229. Calculate q(0).
229
Let f(d) = -d**2 + 1185*d + 8319. Determine f(-7).
-25
Let r(c) = 7*c**2 + 69*c + 131. What is r(-8)?
27
Let d(c) = 30*c + 83. Determine d(-3).
-7
Let h(p) = -2*p**3 + p**2 + 113*p - 304. What is h(3)?
-10
Let h(d) = 31*d + 1171. Give h(-35).
86
Let f(g) = 2*g**3 - 6*g**2 - 14*g + 49. Determine f(5).
79
Let n(w) = w**3 + 11*w**2 + 209*w + 1485. What is n(-8)?
5
Let a(h) = h**3 + 22*h**2 + 119*h + 5. What is a(-12)?
17
Let l(k) = -8*k + 59. Determine l(9).
-13
Let r(x) = -x**3 - 15*x**2 + 7*x + 324. Determine r(-13).
-105
Let k(y) = -y**2 - 246*y + 2586. Calculate k(10).
26
Let w(c) = -2*c**2 + 23*c + 249. Determine w(-7).
-10
Let b(y) = -y**3 + 24*y**2 - 3*y + 32. Give b(24).
-40
Let s(k) = -7*k - 420. Determine s(-56).
-28
Let r(b) = 151*b + 2267. Calculate r(-15).
2
Let p(n) = -68*n**2 + 2*n - 35. What is p(0)?
-35
Let v(d) = 6*d**3 - 21*d**2 + 23*d. Determine v(1).
8
Let c(r) = 16*r + 149. Give c(-19).
-155
Let u(v) = -v**2 - 25*v - 99. What is u(-5)?
1
Let v(g) = 37*g - 468. Give v(12).
-24
Let q(h) = -5*h + 9. Determine q(28).
-131
Let g(m) = -157*m - 1095. What is g(-7)?
4
Let r(n) = -85*n + 1071. What is r(13)?
-34
Let j(u) = 1013*u - 5072. Determine j(5).
-7
Let b(m) = 25186*m - 9. Give b(0).
-9
Let n(w) = -358*w - 6806. Give n(-19).
-4
Let x(a) = -a**2 - 137*a - 129. What is x(-136)?
7
Let y(c) = -c**3 + 46*c**2 + 75*c - 1278. What is y(47)?
38
Let l(z) = 398*z + 2856. Calculate l(-7).
70
Let l(b) = b**3 + 27*b**2 - 69*b - 35. Give l(-29).
284
Let t(v) = 5*v**3 - 282*v**2 - 164*v - 381. Calculate t(57).
18
Let o(q) = -q**3 - 34*q**2 - 7*q - 231. Determine o(-34).
7
Let w(t) = -32*t**3 + t**2 - 3*t + 10. Give w(2).
-248
Let k(x) = x**3 - 28*x**2 - 38*x + 230. What is k(29)?
-31
Let l(s) = -4*s**3 + 20*s**2 - 43*s - 55. Calculate l(4).
-163
Let y(z) = 76*z + 766. Determine y(-9).
82
Let o(r) = -45*r - 1533. What is o(-34)?
-3
Let m(l) = 39*l**2 - 381*l - 76. What is m(10)?
14
Let o(y) = 477*y - 2888. Calculate o(6).
-26
Let b(v) = -37*v**3 - 8*v**2 + 19*v - 25. What is b(2)?
-315
Let l(h) = -h**3 + 2*h**2 + 4*h + 6. Calculate l(3).
9
Let x(u) = -u**2 + 26972*u + 161864. What is x(-6)?
-4
Let b(m) = -268*m**2 + 1051*m. Determine b(4).
-84
Let l(c) = -104*c**2 + 10*c + 47. Give l(3).
-859
Let m(c) = c**3 - 203*c**2 + 2468*c + 404. What is m(190)?
24
Let z(a) = -4*